ndreds digit of i?
8
What is the hundreds digit of (-19)/((-76)/24) - -122?
1
Suppose -6*m = -21*m + 13365. What is the tens digit of m?
9
Suppose -4*z - p + 4985 = 0, 5*z + 24*p - 22*p - 6232 = 0. What is the hundreds digit of z?
2
Suppose 0 = 3*u + 3 - 12. Suppose -2*i - 6 = -2*k + 4, 0 = -5*k - u*i + 1. Suppose -t + 14 = c + k*c, -4*t = 5*c - 42. What is the units digit of t?
8
Suppose -5*c + 0*c = -2*p + 13, 5*p - 20 = 0. Let t be (-90)/4 + (-2)/(-4). Let y = c - t. What is the units digit of y?
1
Suppose 6 = -5*n + 31. Suppose n*o = -0*o + 10. Suppose 12 = -4*v, -v = o*r - 0*r - 9. What is the units digit of r?
6
Let b(a) = -a**3 - 9*a**2 + 5. Let x be b(-9). Suppose 14 = -x*q + 39. Suppose -3*j + 93 = -q*t, 0*t = -j + t + 31. What is the units digit of j?
1
What is the hundreds digit of 42830/45 + -9 + (-2)/(-9)?
9
Suppose 0*h - 2*h = 18. Let r(q) = q**2 - 13 - 2*q**2 - 20*q - 4*q + 10*q. What is the tens digit of r(h)?
3
Let t be (-190)/30 + (-2)/(-6). Let j(h) = -2*h - 8. Let r be j(t). Let i = 15 + r. What is the tens digit of i?
1
What is the units digit of 1/10 - 801*(-153)/170?
1
Suppose -2712 = -19*x + 9315. What is the units digit of x?
3
Let z = -114 - -104. What is the units digit of z/(-35) - (-313)/7?
5
Suppose 0 = -3*d + 2*k + 28, -2*d = -6*d + 3*k + 38. Let b = -12 + d. What is the units digit of 23 + b - 4/2?
7
Let p = -9 - -12. Suppose -p*a = -2*q + 2, 4*a + 0*a = 0. What is the tens digit of (q - -3) + (9 - -1)?
1
Let o(r) be the third derivative of r**5/60 - 7*r**4/12 - 11*r**3/6 - 2*r**2. Let u be o(15). Suppose u*i - 1 = 3. What is the units digit of i?
1
Let x be -1*4/(-12)*-6. Let i be x/4*(-58 + 0). Suppose -i = -2*n + n - 2*r, -4*n - 2*r = -140. What is the units digit of n?
7
Suppose 0 = -11*o - 1094 + 13821. What is the units digit of o?
7
Let a(p) = -p + 212. What is the units digit of a(36)?
6
Let n(m) = 3*m**3 + m**2. Let w be n(1). Suppose -29 = 2*p - 6*p + h, -2*h + 14 = w*p. Suppose -z = a + 1 - p, 0 = -5*z + 20. What is the units digit of a?
1
Suppose 41*p = 11*p + 18180. What is the tens digit of p?
0
Suppose 411 - 7 = p. Let x(f) = -9*f. Let k be x(-4). What is the units digit of 4/(-18) + p/k?
1
Suppose 36904 = 5*v + 4*x + 8151, -v - 4*x = -5757. What is the hundreds digit of v?
7
Suppose -2*r + 18 = r. Suppose 0 = l - r - 12. What is the units digit of l?
8
Let o(p) = -168*p + 78. What is the hundreds digit of o(-8)?
4
Suppose -2*c = 2*i + 3*i - 43, -47 = -2*c - i. Let v be 32/10 - 3 - (-430)/(-25). Let a = v + c. What is the units digit of a?
7
Suppose -12*j + 7560 = 12*j. Let c be 38/9 - 4/18. What is the tens digit of (c/10)/(9/j)?
1
Suppose 10*j + 45 = 15*j. Let q(w) = w**3 - 8*w**2 - 5*w - 1. What is the units digit of q(j)?
5
Let y(w) = 72*w**3 + 4*w**2 + 2*w - 34. What is the thousands digit of y(4)?
4
What is the thousands digit of 2/6*3165/1?
1
Let u(z) = z**3 - 4*z**2 + 2*z + 1599. What is the thousands digit of u(0)?
1
Let r(s) = 67*s**2 - 4*s - 4. Suppose 4*p = -2*y - 6, 0*p + 2*p - 3 = 5*y. What is the units digit of r(y)?
7
What is the units digit of (-4785)/(-7) + 2*6/(-21)?
3
Let d be (-2)/3 - (-66)/18. Suppose -4*r - 3 + 7 = 4*p, 15 = d*r - p. What is the units digit of r?
4
What is the thousands digit of -116 + 114 - (1*-1 - 1163)?
1
Let n = 677 - 479. What is the units digit of n?
8
Suppose -5*m = s + 32 + 22, -2*m + 3*s = 8. Suppose 28 = d + 5*y, -2*y + y = -5. What is the tens digit of d/(-15) - 292/m?
2
Suppose 2*j - 179 = -5*i + 93, 110 = 2*i + 2*j. Let z = i - 15. What is the units digit of z?
9
Let a(u) = -391*u - 10. Let p(r) = 196*r + 4. Let f(w) = 3*a(w) + 7*p(w). What is the hundreds digit of f(1)?
1
Suppose -c + 49 = m, -c - 43 = -3*m + 88. Suppose -2*x + 99 = m. What is the units digit of x?
7
Let r = -183 - -363. Let i be (-63)/(-2)*r/27. Suppose 0 = -5*d + i - 70. What is the tens digit of d?
2
Let h = -18 + 19. Let f be ((-1)/((-2)/(-38)))/h. Let g = 15 - f. What is the units digit of g?
4
Let g be ((-12)/8)/((-1)/4). Suppose -g*j = -0*j - 492. What is the tens digit of j?
8
Let q(z) = 3*z**2 + 1. Let s be q(2). Suppose y = 2 + 2, 5*h - s = 3*y. Let j = h + -2. What is the units digit of j?
3
Let i(w) = 39*w**2 + 7*w + 18. What is the tens digit of i(-4)?
1
Suppose -4*s + 4415 = z, -6*s + 3*z + 3300 = -3*s. What is the hundreds digit of s?
1
Let i be (11 + -9)/(-1 + 3). Let v be (-2)/i - (8 - -1). Let c = 28 + v. What is the tens digit of c?
1
Let f = -24 - -18. Let u be f - -3 - -1 - -8. What is the tens digit of (-123)/(-11) - u/33?
1
Let r(y) = y**3 - 8*y**2 - 8*y - 2. Let f be r(10). Let h be 4*4/32*f. Let a = 89 - h. What is the units digit of a?
0
Let u(y) = -63*y + 250. What is the units digit of u(-22)?
6
Suppose 1 = 2*n + 9, -5*t + 539 = 4*n. What is the tens digit of t?
1
Let a(k) = -k - 4. Let z be a(-4). Let d = z - 4. What is the tens digit of (1 - 88/d) + 3?
2
Let v = -36 + 36. Let j(c) = -c**3 - c**2 - 2*c + 43. What is the units digit of j(v)?
3
Let w(l) = -l - 7. Let y be w(-7). Suppose 2*j - 8 = 0, y*p - p + 5*j - 13 = 0. Let g = p + -3. What is the units digit of g?
4
Let m(v) = -155*v - 280. What is the thousands digit of m(-22)?
3
Suppose -5*f = -f + x - 142, 3*x - 181 = -5*f. What is the tens digit of f?
3
Let m(i) = -i**3 + 20*i**2 - 2*i + 5. What is the tens digit of m(19)?
2
Suppose 54 = 5*r - 3*s, -2*s + 34 = 2*r + 3*s. Suppose w + 65 = -5*g, w - 43 = 5*g + r. What is the tens digit of (-236)/(-6) + g/(-18)?
4
Suppose 801*j - 809*j + 24440 = 0. What is the units digit of j?
5
Let p = 21 - 9. Let s = 162 + -86. Suppose -2*g - p = -v, 0 = -3*v - g - g + s. What is the tens digit of v?
2
Let m be (-209)/1 - (-2 + 3). Let i be (m/(-4))/(15/40). Suppose -4*y - 2*f = f - i, -175 = -5*y + 4*f. What is the tens digit of y?
3
Let f = 443 + 155. What is the units digit of f?
8
Let s(c) = -c + 6. Let b be s(6). Let a(u) = -2*u - 51 + b*u + u**2 + 63. What is the tens digit of a(5)?
2
Suppose -13 = -2*w - 7, -4*k + 7799 = 5*w. What is the tens digit of k?
4
Let v(c) = 5*c - 13. What is the units digit of v(24)?
7
Suppose -10585 = -3*h - 3154. What is the tens digit of h?
7
What is the tens digit of 168/(-3 + 0)*56/(-16)?
9
Let l(g) = -2*g**3 - 5*g**2 - 2*g. Let i be l(-3). Let s = 152 + -132. Let p = s - i. What is the units digit of p?
5
Let r = -11 + 7. Let q be 30/r*(-30)/45. Suppose -2*l + q*l = 96. What is the units digit of l?
2
Suppose 5*f - 11*t - 21337 = -10*t, -21325 = -5*f + 5*t. What is the thousands digit of f?
4
Let a be ((-4)/(-3))/2 + 645/45. Suppose 4*u + 132 = 4*b, 5*u - 8*u + a = 0. What is the units digit of b?
8
Suppose 2*s + 2*g = 3*g - 42, -s + 2*g = 18. Let r = s - -25. Suppose 3*c = 3*v - 21, -r - 8 = -3*v + c. What is the units digit of v?
2
Let h = -88 + 94. Suppose -2*s + h*s = 3*j + 105, 2*s - 70 = -2*j. What is the tens digit of s?
3
Suppose -7 = 4*r + 9, -m - r + 496 = 0. What is the tens digit of m?
0
Suppose -11*b = -11616 + 1518. What is the tens digit of b?
1
Suppose -14 + 2 = -4*m. Suppose p + 0*t + m*t + 1 = 0, 20 = 5*t. Let w = p + 42. What is the tens digit of w?
2
Suppose -5*m = -0*m - 35. Suppose 8*x = m*x + 22. What is the tens digit of x?
2
Suppose -45533 = -29*r + 26445. What is the thousands digit of r?
2
Suppose -5*t + 1205 = 5*n, -3*t + n + 644 = -79. What is the units digit of t?
1
Let n(l) be the second derivative of -l**3/3 - 21*l**2/2 - 7*l. What is the units digit of n(-15)?
9
Suppose 0*h - 18 = -6*h. Let x be (h - 12) + (2 - 2). Let u = 36 + x. What is the tens digit of u?
2
Let d be (-2 - 2) + 2 - -9. Suppose 3*t - d*t + 764 = 0. What is the units digit of t?
1
Suppose -5*w = i - 5, -3*i + 69 = -3*w - 18. Let b = i + 39. What is the units digit of b?
4
Let f be (-835)/(-20) - 1/(-4). Let p be ((-4)/(-6))/(7/f). Suppose -5*j + 37 = -2*g - 32, -5*j = -p*g - 63. What is the tens digit of j?
1
Let j = -24 + 28. Suppose k + h = 103, -5*h - 47 = j*k - 455. What is the tens digit of k?
0
Let m(o) = 9*o + 1. Let d be m(4). Let f = -25 + 21. What is the units digit of (-1)/((f/d)/4)?
7
Let f be (-8)/(-5) + (-8)/(-20). Let p(i) = 1 + 16*i - 3 + 1. What is the units digit of p(f)?
1
Suppose -5*x - 3*j + 6017 = 0, 14*x + j = 19*x - 6021. What is the tens digit of x?
0
Suppose 4*s = -3*s + 1050. Suppose s = 2